4 + 4*x**3/3 - 3*x**2/2 + 2*x + 1. What is the remainder when s(-3) is divided by 7?
6
Suppose 0*q - 12 = q. Let h = 31 + q. What is the remainder when 73 is divided by h?
16
Let b = 6 - -47. What is the remainder when b is divided by 11?
9
Let j = 9 + -11. Calculate the remainder when 25 is divided by (2/(-6))/(j/54).
7
Suppose 4*q = 2*v - 42, 5*q = v - 3*v - 3. Let i be ((-14)/(-7))/((-1)/5). What is the remainder when 0 + 14*(-15)/i is divided by v?
10
Calculate the remainder when 7 is divided by (-3)/12*-4 - -1.
1
Let h(x) = x**2 - 3*x. Suppose 3*v = -0*v + 12. Let y be h(v). Suppose -k = -y*k + 12, d + 5*k - 22 = 0. What is the remainder when d is divided by 2?
0
Let a = 0 + 2. Let g(i) = 2*i. Suppose -5*p = -3*w + 16, -5*p + 19 = w + w. Calculate the remainder when w is divided by g(a).
3
Calculate the remainder when 42 is divided by (-4)/5 - 2/(30/(-237)).
12
Suppose 2*o + 175 = 4*z + 7*o, z - 4*o - 28 = 0. Calculate the remainder when z is divided by 22.
18
Suppose 0 = -3*l + 21 + 3. Let q = 1 - -2. Suppose 41 + 50 = q*i + 5*g, 5*i + 2*g - 120 = 0. Calculate the remainder when i is divided by l.
6
Let n = -15 - -25. Let i(h) = -h**2 - 11*h + 1. What is the remainder when i(-9) is divided by n?
9
Let q(k) = k**2 + 5*k + 6. Calculate the remainder when q(-6) is divided by 7.
5
Let v(z) = 1 + 1 - 2*z + 3*z. Let s(r) = -1. Let y(k) = -4*s(k) - 3*v(k). What is the remainder when y(-3) is divided by 3?
1
Suppose -10 = 2*b + 4*l, -l - 13 = -3*b - 0. Suppose -2*h + 194 = b*m, 2*m - 365 = -3*m + 5*h. What is the remainder when m is divided by 23?
22
Let o(d) be the second derivative of d**3/6 + 9*d**2/2 + 7*d. Calculate the remainder when 78 is divided by o(11).
18
Suppose 2*d - 4*k = -2*d + 116, 0 = 4*k. Suppose -4*t - 2*h = -44, 3*t = -0*t + 2*h + 26. Calculate the remainder when d is divided by t.
9
Suppose -4*l = 3*v + 10, 5*v + 3*l + 10 = -2*l. Let m be v - ((-9)/(-3))/(-3). Suppose 0 = -m*h + 5 + 4. Calculate the remainder when h is divided by 3.
0
Suppose -5*r = -14 - 16. Suppose -7*y + 6*y = -11. What is the remainder when y is divided by r?
5
Suppose 15 = -3*p, -4*y + 0*y - 2*p + 14 = 0. Let m(x) = 4*x**2 - x - 1. What is the remainder when y is divided by m(-1)?
2
Suppose 119 = 5*t + 24. What is the remainder when 54 is divided by t?
16
Suppose -4*t + 144 = 2*g - 412, -4*t - 5*g + 550 = 0. Suppose 0 = 4*p - 8 - t. Let c = -5 + 18. What is the remainder when p is divided by c?
11
Let c(m) = -m**2 - 7*m + 4. Let h(n) = -n**2 - 8*n - 4. Let d be h(-8). What is the remainder when 47 is divided by c(d)?
15
Let g(q) = 2*q**2 - 24*q + 38. Calculate the remainder when 58 is divided by g(11).
10
Let c = -4 - -4. Suppose c = 2*x - 2*a + 5*a - 23, 2*x - 5*a = 15. Calculate the remainder when x is divided by 6/(-15) + (-32)/(-5).
4
Suppose 3*s - 74 - 38 = -4*m, 2*m - 58 = -2*s. What is the remainder when 49 is divided by m?
24
Let m = -42 - -59. Let t = m - 3. What is the remainder when 26 is divided by t?
12
What is the remainder when 39 is divided by 208/20 + (-2)/5?
9
Let y(x) = -3*x - 2. What is the remainder when y(-11) is divided by 9?
4
Let l(g) = -g + 1. Calculate the remainder when 12 is divided by l(-4).
2
Let b = 8 + 2. Suppose -2*y + b - 2 = 0. Suppose 5*r + 2 = n - 1, -y*r = 3*n - 85. Calculate the remainder when n is divided by 8.
7
Let y = -110 - -152. Calculate the remainder when y is divided by 11.
9
Suppose -2*o = -0*o - 16. Let i be (-200)/15*(o - 2). Calculate the remainder when 17 is divided by ((-6)/10)/(8/i).
5
Suppose 8 = 3*g - 16. What is the remainder when 30 is divided by g?
6
Let v = -64 + 91. Calculate the remainder when 80 is divided by v.
26
Let m(p) = -10*p**3 - 2*p**2 - 2*p - 1. Let u be m(-1). Let f = 0 + u. Suppose 5*h - 20 = l, 4*h - 3*l = 26 + 1. What is the remainder when f is divided by h?
0
Let a = -8 - -11. What is the remainder when 10 is divided by a?
1
Suppose 76 = -z + 5*z. What is the remainder when 74 is divided by z?
17
Suppose -2*q + 28 = 2*q. Let w(s) = s**3 - 4*s - 3*s + 3 + s - 5*s**2. Calculate the remainder when q is divided by w(6).
1
Suppose 5*t + 0 - 23 = 2*h, 5*t = -h + 11. Let u = -19 - -28. Suppose 5*q = a + 9 + u, 4*a + q = 33. Calculate the remainder when a is divided by t.
1
Suppose 6*x = 2*x + 56. Calculate the remainder when 40 is divided by x.
12
Calculate the remainder when (1 - -1)*106/4 is divided by (-44)/6*126/(-84).
9
Let o = 5 + -5. Suppose 4*m - 2*u - 74 - 10 = o, 0 = m + 3*u - 28. What is the remainder when m is divided by 8?
6
Let t(a) be the second derivative of a**4/6 - 2*a**3/3 + 2*a**2 - 2*a. Let k be t(4). Let x = -9 + k. What is the remainder when 20 is divided by x?
9
Let h(q) = q**3 + 7*q**2 - 9*q + 7. What is the remainder when h(-8) is divided by (-2 - -9) + (3 - 1)?
6
Let p be -3*2/10*-5. Suppose -2*u + p*d - 25 = -3*u, 3*d - 3 = 0. Calculate the remainder when -1 + (0 - 1) + u is divided by 11.
9
Let g(w) = w**2 + w + 3. Let q be (-2)/6 + 20/6. Let z be g(q). Suppose 3*n - z = 2*n. What is the remainder when 44 is divided by n?
14
Let o be 1/((-4 + 2)/(-4)). Let y(a) = 4*a**3 - 3*a + 3. Calculate the remainder when y(o) is divided by 15.
14
Let s be 3/1 + (-8 - -9). Suppose m = -5*d + 14 + 13, s*m - 13 = -d. What is the remainder when (29 + m)*1*1 is divided by 16?
15
What is the remainder when 10 is divided by (-78)/(-13)*2/3?
2
Let u(y) = -7*y**2 + 6*y**3 - 9*y - 6 - 7*y**3 + 2. Calculate the remainder when u(-6) is divided by 4.
2
What is the remainder when 38 is divided by (-75)/(-5) + 0 + -2?
12
Suppose 3*n + 24 = z + 77, -4*z - 50 = -3*n. What is the remainder when 2/(-5) + 3173/95 is divided by n?
15
Let b(q) = -q**2 + 10*q - 10. Let d(f) = f**3 + f**2 - f + 8. Let n be d(0). Let r be b(n). Let k = r + -4. Calculate the remainder when k is divided by 2.
0
Suppose 0 = -5*h + 4*r + 3 + 2, 4*r - 5 = -5*h. Let p = 12 - h. Calculate the remainder when 31 is divided by p.
9
Suppose a + 14 = 3*a. Suppose m + z - 6 = 0, -5*m + 27 = -3*z + a*z. Suppose 3*f = 9, 0*f = -k - m*f + 21. What is the remainder when 22 is divided by k?
10
Suppose -5*s = -185 - 165. What is the remainder when s is divided by 20?
10
What is the remainder when (-208)/(-7) - (-2)/7 is divided by 8?
6
Let t = -225 + 373. Calculate the remainder when t is divided by 38.
34
Suppose -47*t + 504 = -19*t. Let w = -22 - -92. Calculate the remainder when w is divided by t.
16
Let p(q) = 8*q**2 - 2*q - 1. Suppose -3*h + f - 90 = 0, h + 16 = -2*f - 7. Let j = -19 - h. What is the remainder when p(2) is divided by j?
7
Suppose 6*h - 9*h = -135. Calculate the remainder when 84 is divided by h.
39
Let f(o) = -o**3 + 6*o**2 - o + 2. Suppose -4*x = v - 2*x - 20, -x = 3*v - 40. What is the remainder when f(5) is divided by v?
10
Let j(k) = 8*k**2 + k - 2*k - 1 + 3*k. What is the remainder when 17 is divided by j(1)?
8
Let z be (-3)/(12/8) + 0. Let f(o) = 7*o**2 + 5*o + 5. Calculate the remainder when f(z) is divided by 12.
11
Let x be 6/(3 - 0) - -1. Suppose -1 = x*u - 16. Calculate the remainder when u is divided by 2.
1
Suppose -2*j - 2*o = -7*j + 46, j = -5*o + 20. Let p = j + -7. Calculate the remainder when 4 is divided by p.
1
Let v(a) = 2*a**2 + 4*a. Suppose -y - y + 12 = 0. Calculate the remainder when v(-4) is divided by (y/(-4))/(3/(-18)).
7
Let b = -78 + 173. Calculate the remainder when b is divided by 14.
11
Let a be (-15)/6*12/(-5). What is the remainder when a/10 - 546/(-15) is divided by 10?
7
Let b = 3 - -46. Calculate the remainder when b is divided by 13.
10
Let w(f) = -10*f + 13. Let p = -16 + 38. What is the remainder when w(-3) is divided by p?
21
Suppose -5*h + 40 = 5*w - 135, -4*h + 3*w + 147 = 0. Suppose k = -11 + h. Calculate the remainder when k is divided by 13.
12
Suppose -74*j = -79*j + 350. Calculate the remainder when j is divided by 8.
6
Suppose t = -2*s + 34 + 42, 2*s - 4*t - 86 = 0. Suppose 5*y - 21 = s. What is the remainder when 47 is divided by y?
11
Let f = 29 + -20. What is the remainder when 47/2 - 3/(-2) is divided by f?
7
Let c(v) = -7 + 4 - 3 + 4*v + 2*v**2 - v**2. Calculate the remainder when 57 is divided by c(-7).
12
Suppose -63 = -2*o - 5*q, 5*o + 5*q - 3*q = 105. What is the remainder when 54 is divided by o?
16
What is the remainder when ((0 - -2) + 0)